s divided by 29?
28
Suppose 5*j - 6 = -1. What is the remainder when 12 is divided by 14*(j + (-1)/2)?
5
Suppose 4*v = -2 + 18. Calculate the remainder when v is divided by 3.
1
Suppose r = -2*c - 89, 5*c - 2*r = -0*c - 218. Let t = 67 + c. What is the remainder when 43 is divided by t?
20
Suppose 0 = 2*j - j - 67. What is the remainder when j is divided by 18?
13
Let i(s) = -s**3 - 5*s**2 + s - 6. Let a = -214 + 243. What is the remainder when i(-7) is divided by a?
27
Let q(w) = -w**2 - 5*w + 7. Let j be q(-5). Let v = 5 - j. Calculate the remainder when 10 is divided by 42/10 + v/10.
2
Let h(a) = a**3 + 22*a**2 + 19*a + 5. Calculate the remainder when 138 is divided by h(-21).
44
Let p = -363 + 393. What is the remainder when p is divided by (-5 + (-1 - -2))*-2?
6
Suppose q + 244 = -p + 6*p, 0 = -5*q + 5. Let r = -13 - -26. Calculate the remainder when p is divided by r.
10
Suppose -2*m + 4 = -m. Suppose 2*z = -3*l + 111, -2*l - z + 63 = m*z. Calculate the remainder when l is divided by 10.
9
Suppose -3*b - 4*u + 72 = 0, -5*b + 106 = -3*u + 5*u. Calculate the remainder when 57 is divided by b.
17
Suppose 0 = 5*d - 0*d - 90. What is the remainder when d is divided by 13?
5
Let b(i) = -7*i + 8. Let g = -18 + 35. What is the remainder when b(-6) is divided by g?
16
Let r = -3 + 3. Let a be r + 2 - (-9)/1. Let t = a + -7. Calculate the remainder when 11 is divided by t.
3
Suppose -2*l = -71 + 21. Calculate the remainder when l is divided by 14.
11
Let z(g) be the first derivative of -13*g**2/2 - 2*g + 3. Let d = -9 - -26. Calculate the remainder when z(-4) is divided by d.
16
Suppose -3*p + 4*p - 56 = -4*k, 0 = 5*p + 5*k - 280. What is the remainder when p is divided by 30?
26
Suppose -i = -3*t + 132, 4*t - 116 - 60 = -5*i. Calculate the remainder when t is divided by 9.
8
Let z be (35/(-3))/(3/9). Suppose 5*o - 162 = 2*o. Let w = o + z. Calculate the remainder when w is divided by 10.
9
Let t be (-1)/(2 - 7/3). Let y(q) = -q + 2. Let x be y(2). Suppose p - t - 11 = x. What is the remainder when p is divided by 8?
6
Let i be (0 - -4)/(2/(-1)). Calculate the remainder when 395/35 - i/(-7) is divided by 51/7 + (-12)/42.
4
Let b(d) = d**3 + 6*d**2 + 3*d + 2. Calculate the remainder when b(-4) is divided by 6.
4
Let u(t) = 3*t**2 + 6*t - 12. What is the remainder when u(-5) is divided by 9?
6
Let i(q) = -2*q + 29. Calculate the remainder when i(13) is divided by 3.
0
Suppose -64 = -4*j - 4*f, 3*j - 2*j = 5*f + 10. Calculate the remainder when 86 is divided by j.
11
Suppose -h + 2 + 0 = 0. Let q(b) = -5 + 2*b + 5*b - 1 + h*b. Calculate the remainder when q(4) is divided by 8.
6
Suppose 24 = 5*t + 3*p, 4*t + p + 3 = 6*t. Calculate the remainder when 7 is divided by t.
1
Suppose 8 = -2*b - 28. Let s(x) = -x**2 - 12*x - 28. Let k be s(-8). What is the remainder when k/b + (-760)/(-18) is divided by 15?
12
Let c = 16 - 9. Let l(u) = 3*u + 5 + 6 - 3 - 3. What is the remainder when l(c) is divided by 9?
8
Let b(r) = 5*r - 57. What is the remainder when 1548/44 - 2/11 is divided by b(14)?
9
Suppose 6 = -0*u + 2*u. Suppose 3*m + f = 24, 5*m - 23 = u*f + f. What is the remainder when m is divided by 2/(2/8*2)?
3
Let j = 15 + 90. Suppose -4*b + b = -j. Calculate the remainder when b is divided by 12.
11
Let j(z) be the first derivative of -z**4/4 - 4*z**3 + 6*z**2 - 7*z + 7. What is the remainder when 10 is divided by j(-13)?
4
Let h = 9 + -4. Let d(j) = j + 1. Let x be d(1). Calculate the remainder when 0 - (4 - x) - -15 is divided by h.
3
What is the remainder when (11/2 - 1)*(-34)/(-3) is divided by 14?
9
Let p = 16 + -11. Suppose -4*h = -5*n + 35, n = -p*h + 13 - 35. Suppose 21 - 66 = -n*j. Calculate the remainder when 44 is divided by j.
14
Let x(h) = -h**3 - 3*h**2 - 2*h - 4. Let o be x(-2). Let v(d) = d**2 - 3. What is the remainder when (-62)/o - 2/(-4) is divided by v(3)?
4
Let j be (-17 + -1)/(9/6). Let g be -1 + 0 + j/(-3). Suppose 0 = 4*y + k - 104, g*k - 108 = -4*y + k. Calculate the remainder when y is divided by 9.
7
Suppose 0 = 3*x + 16 - 49. Calculate the remainder when 21 is divided by x.
10
Suppose -5*l - 5*m - 1 = -26, -3*m + 1 = l. What is the remainder when 40 is divided by l?
5
Let b be 2/((-18)/21)*3. Let p(m) = -m**3 - 7*m**2 + 4. Calculate the remainder when 6 is divided by p(b).
2
Let r = 14 + -9. Calculate the remainder when 24 is divided by r.
4
Let w(z) = -z**2 - z + 14. Suppose 0 = -0*a + a. What is the remainder when 39 is divided by w(a)?
11
Suppose 0*l = 5*l + 4*c - 17, -18 = -2*l + 4*c. What is the remainder when l is divided by 4?
1
Let k(b) = b + 33. What is the remainder when k(25) is divided by 16?
10
Let k(q) = 4*q + 3. Let m be k(4). Let p = m + -9. Let u(n) = n**2 + 22*n + 114. Calculate the remainder when u(-17) is divided by p.
9
Let y(v) = 1 - 7 + 0*v - 4*v. Calculate the remainder when y(-6) is divided by 10.
8
Suppose -l + 3*l = -2*d + 48, 2*d - 48 = 3*l. Calculate the remainder when d is divided by 13.
11
Let r(q) = q**2 + 4*q - 3. Let p be r(-5). Suppose -p*x + 58 = -0*x. What is the remainder when x is divided by 10?
9
Let b(g) = 5*g. Calculate the remainder when b(14) is divided by 9.
7
Let j = -77 + 156. What is the remainder when j is divided by 20?
19
Suppose 26 = -h + 5*m, 0 = -h + m - 0*m - 6. Calculate the remainder when 2 is divided by h/(-3)*(2 - -1).
0
Let p = -50 + 65. What is the remainder when p is divided by (-108)/(-14) - (-4)/14?
7
Suppose -2*a = -4*m - 34, 2*a + 0 = 2*m + 26. Let k = -7 - -23. Suppose -k = -w + 9. Calculate the remainder when w is divided by a.
7
Suppose -1 - 5 = -3*l. Suppose 0 = 2*j - 82 + l. Calculate the remainder when j is divided by 21.
19
Suppose 0 = -2*c + 4*c - 20. What is the remainder when 39 is divided by c?
9
Suppose w - 6*w = -30. Let c = w + -1. Suppose 3*g + 37 = t, -19 + 149 = c*t - 4*g. Calculate the remainder when t is divided by 8.
6
Suppose 2*n + 0*n + 27 = 3*o, 9 = o - 4*n. Let r(x) = x**2 - 2*x - 2. Let g be r(3). What is the remainder when g*9*(o - 6) is divided by 10?
7
Suppose 5*g - 2*f = f + 100, 2*g = -f + 40. What is the remainder when 57 is divided by g?
17
What is the remainder when 28 is divided by (-150)/10*1*-1?
13
Let q(s) = 4*s - 1. Let i be q(1). Suppose i*b = -b. Suppose -d + 6*d - 80 = b. Calculate the remainder when d is divided by 6.
4
Calculate the remainder when (4 - 1) + -6 - -43 is divided by 6.
4
Suppose -3*l + 4*a + 68 = -l, a = -2*l + 93. What is the remainder when l is divided by ((-1)/(2/(-6))*-5)/(-1)?
14
Calculate the remainder when 108 is divided by (2/5)/1*55.
20
Calculate the remainder when 30 is divided by (-2 - -14) + -4 - 0.
6
Suppose 0 = 4*a - 5*v - 155, -2*a - 2*v + 235 = 3*a. Let x(t) = t**3 - t**2 - t + 23. Calculate the remainder when a is divided by x(0).
22
Let o = -145 + 53. What is the remainder when 14 is divided by o/(-22) - 4/22?
2
Let a = 43 - -42. What is the remainder when a is divided by 29?
27
Suppose 4*n - 14 = 14. Calculate the remainder when 10/(-35) + (-256)/(-14) is divided by n.
4
Let p = 479 + -284. Suppose -2*q + 75 = m, -2*q + p = 3*q + m. Suppose -5*b = -10*b + 105. Calculate the remainder when q is divided by b.
19
Suppose -2*i = -3*v + 9, -4*v + v + 21 = 2*i. Suppose -16 = 4*x + 3*n, 0 = -i*x + 2*n - n + 1. Calculate the remainder when 37 is divided by 2 + 11*x/(-1).
11
Let g(i) = i**3 + 22*i**2 - 25*i - 3. What is the remainder when g(-23) is divided by (-11 - 0)/(1 - 2)?
10
Let u(n) = -n**3 - 14*n**2 - 14*n + 10. Suppose 2*o - 6*o + 4*t - 72 = 0, 0 = 3*o - 2*t + 49. Calculate the remainder when u(o) is divided by 6.
5
Suppose 4*r - 90 = -f + 1, 5*r = -4*f + 122. Suppose -2*b + 40 = 3*b. Calculate the remainder when r is divided by b.
6
Suppose 0 = -2*y - 3*k + 16, -y + 37 = -5*k + 3. What is the remainder when 39 is divided by y?
11
Let w = 61 - 52. What is the remainder when 17 is divided by w?
8
Suppose -4*v = 4*d - 4, 2*v + 8 = -4*d + 2. Calculate the remainder when 10 is divided by v.
0
Suppose -5*c - 1 = 3*a - 16, 0 = -c + 3*a + 3. What is the remainder when 5 is divided by c?
2
Let f(o) = o**3 + 3*o**2 - 7*o - 6. Let i be f(-4). Let g(h) = h**3 - 4*h**2 - 5*h - 7. Calculate the remainder when g(i) is divided by 12.
11
Let l(y) = -8*y**3 + y**2. Calculate the remainder when l(-1)